 x be v(-1). Calculate the greatest common factor of x and 8.
8
Let x(j) = j**2 - 2*j. Let f be x(-2). Let q = -29 + 37. What is the greatest common divisor of q and f?
8
Let c(g) = -24*g + 2. Let v be c(-1). Calculate the highest common factor of 26 and v.
26
Let y = -10 + 24. Suppose y - 10 = q. Suppose -1 = -i, -q*i + 9*i = -c + 69. Calculate the highest common divisor of 16 and c.
16
Suppose 3*r + 0*m - 5*m = 65, 3*r - 4*m - 70 = 0. What is the greatest common factor of r and 20?
10
Let o(l) = 2*l**2 - 3*l. Let p be o(2). Let d(q) = 2 + 2 - 2 + 26*q. Let w be d(p). Calculate the highest common divisor of 6 and w.
6
Suppose 70 = 5*p - 0*p. Suppose 2*v - p = 14. What is the greatest common factor of 35 and v?
7
Let u = -57 + 96. What is the greatest common divisor of 13 and u?
13
Let p(x) = -8*x. Let l be p(-3). Let m be 4/10 + (-224)/(-40). Calculate the highest common factor of m and l.
6
Let x(v) = -v**2 - 9*v + 14. Let g be x(-10). Suppose 2*y = g*y - 24. Calculate the highest common divisor of 108 and y.
12
Let v = -45 + 117. Suppose -g + v = -2*o, o + 68 = g - 0*o. Let x be 32*(1/2 - 0). Calculate the greatest common factor of g and x.
16
Suppose -2*n = -4*n + 216. Suppose -3 = -u + 2. Suppose -40 = -3*w - 4*d, -u*d = 4*w - 22 - 31. Calculate the highest common divisor of n and w.
12
Suppose 6*n = 2*n. Let o be (2 + -3)*n + 9. Calculate the greatest common divisor of o and 27.
9
Suppose 0 = -2*a - 4, 4*w + 4*a + 0*a = 40. Suppose 2*r = -3*r + 60. Calculate the highest common divisor of r and w.
12
Let u = -17 - -31. What is the greatest common divisor of 49 and u?
7
Let u(q) = 4*q**3 - 3*q**2 + q - 2. Let j be u(2). Calculate the greatest common divisor of 4 and j.
4
Let n = -33 - -37. What is the greatest common factor of n and 36?
4
Let p = 3 + 1. Let h be -1*10*(-3)/6. Suppose z = 4*r - 20, 2*z - h*z = 3*r. What is the greatest common factor of r and p?
4
Let h be (12/5)/(33/110). Suppose -5*g = -6*g + h. Calculate the highest common divisor of g and 8.
8
Let s = 17 + -7. Let o(h) = h**3 - 9*h**2 - 10*h + 3. Let g be o(s). Calculate the highest common divisor of g and 6.
3
Let m be (14/(-3))/(8/(-84)). What is the highest common divisor of 7 and m?
7
Suppose -3*k - 15 = -69. What is the highest common factor of 12 and k?
6
Let p(t) = 6*t + 24. Let v be p(11). Calculate the highest common factor of v and 30.
30
Let g = 25 + -5. Let o(v) = v**3 + 4*v**2 - v + 4. Let z be o(-4). Suppose 2*n + 0*n = z. What is the highest common divisor of g and n?
4
Let b be (-45)/(-4)*(-440)/(-33). Calculate the greatest common factor of b and 30.
30
Suppose 3 = -3*o + 42. Suppose -5*q = a + 4*a - 260, -5*q + 5*a = -260. What is the highest common factor of o and q?
13
Suppose 4*i = 10*i - 60. What is the greatest common factor of i and 10?
10
Let v(w) = w**2 + w - 5. Let h be v(-4). Let d = -5 + h. Let u(b) = b**3 + 2*b**2 - 3*b + 2. Let x be u(-3). What is the highest common factor of x and d?
2
Suppose 0 = m - 2*s - 96, 12 = 2*m - 5*s - 179. What is the highest common factor of 28 and m?
14
Let i be 208/(-12)*(-3)/2. Calculate the greatest common factor of 286 and i.
26
Suppose -6*g = 3 - 921. Let x = -3 + -1. Let r(w) = w**2 - w - 3. Let n be r(x). What is the highest common factor of n and g?
17
Let i be 2 + 3 + -8 + -3. Let j be ((-2)/i)/(4/24). Suppose 3*a - c - 31 = 0, j*a - c = a + 11. What is the greatest common divisor of 40 and a?
10
Suppose -2*r - 5 = 3, 5*y - 4*r + 1059 = 0. Let i = 325 + y. Let v(s) = 2*s**2 + 7*s - 8. Let u be v(-6). Calculate the greatest common factor of i and u.
22
Let t be ((-328)/32)/((-2)/8). Suppose m - 43 - t = 0. What is the highest common factor of 12 and m?
12
Suppose -7*v + 3*v = -16, -3*v = 3*c - 54. Let a = 20 + -17. Suppose a*s = 189 + 21. Calculate the highest common divisor of s and c.
14
Suppose 206 = 4*v - 82. Calculate the highest common divisor of 18 and v.
18
Let r = -2 + 3. Let y = r + 9. Suppose f - 5*w - 115 = -f, w = 5. Calculate the greatest common factor of f and y.
10
Let t = -27 - -49. Suppose 5*o = -k - t, 0*k + 5*k + 10 = -5*o. Calculate the greatest common factor of 27 and k.
3
Suppose 0 = -7*m + 2*m. Suppose m = 2*x - 3 - 99. What is the greatest common factor of 34 and x?
17
Let t = -4 + 7. Suppose t*q - 2*q = 0. Let b(n) = n + 10. Let j be b(q). What is the greatest common divisor of j and 80?
10
Let u be 3 - 124/8*-2. Let n = u - 13. Calculate the greatest common divisor of 63 and n.
21
Let s(t) = -16*t - 4. Suppose 0 = -3*n - m - 0*m - 32, -5*m - 34 = n. Let l be s(n). Calculate the greatest common factor of 28 and l.
28
Suppose 17 = -7*w + 227. What is the highest common divisor of w and 20?
10
Let a = -29 + 119. Suppose 0*j = -5*j + a. What is the greatest common divisor of 54 and j?
18
Suppose 0 = -2*n - 5*s + 16, n - 5*s = -7. Calculate the greatest common factor of 24 and n.
3
Suppose 2*c + 3*u = 570, 5*u - 299 = c - 2*c. Calculate the greatest common divisor of c and 31.
31
Suppose 4*z - 6*z = -378. Calculate the highest common divisor of z and 21.
21
Suppose 5*w - 66 = 274. Calculate the highest common factor of 51 and w.
17
Suppose -2*l - 22 = -3*r - l, -5*r = -2*l - 35. Let b = -1 + -2. Let w = b + r. Calculate the highest common factor of w and 6.
6
Let l be (-288)/(-27) - 2/(-6). Let v(m) be the second derivative of m**3/6 + 2*m**2 + 2*m. Let s be v(l). Calculate the highest common factor of 60 and s.
15
Suppose 104*q = 106*q - 38. What is the highest common factor of 152 and q?
19
Let d be 1 - (5 + -1 + -379). Let f(l) = l**2 - l. Let z be f(2). Let i be d/16 - 3/z. What is the greatest common divisor of 55 and i?
11
Let i(b) = 2*b - 1. Let o(h) = 3*h + 1. Let l be o(1). Let m be i(l). Let z be (2 + 2)*(-70)/(-5). Calculate the highest common divisor of z and m.
7
Let x(y) = y - 4. Let c be x(9). Let f be 0/(c/((-15)/6)). Suppose f = z - 0*z - 6. What is the highest common factor of 42 and z?
6
Suppose j - 25 = 5. Let k be j + -1 - (-9 - -6). Let m(d) = -d**3 - 4*d**2 + d - 4. Let v be m(-5). Calculate the highest common divisor of k and v.
16
Suppose -66 = -3*y - 12. Suppose -4*c - y = -k + 9, 53 = 3*k - 5*c. Calculate the greatest common divisor of 44 and k.
11
Suppose -y + 11 = i, 9 = -i - 5*y + 24. Let t = -1 - -5. Suppose -7 = t*x + 5*w + 14, -3*w = 4*x + 11. What is the greatest common factor of i and x?
1
Let p(l) = 2*l. Let o be p(3). Let t be 12/3*(-110)/(-4). Let g = 158 - t. Calculate the highest common factor of g and o.
6
Let r(m) = 2*m**3 - 3*m**2 + 4*m + 2. Let s be r(2). Calculate the greatest common divisor of s and 210.
14
Let o(c) = 25*c - 2. Suppose -3*l = -10 + 4. Let t be o(l). Let k = -28 + t. Calculate the greatest common divisor of k and 4.
4
Let b be 6/(-21) + ((-158)/(-14) - 3). What is the greatest common divisor of b and 16?
8
Let p(f) = -27*f - 87. Let k be p(-11). Calculate the highest common factor of k and 14.
14
Let t(h) = h**3 + 11*h**2 - 16*h + 4. Let p = -7 - 5. Let z be t(p). Suppose -5*n + 39 = -2*n. Calculate the greatest common factor of z and n.
13
Let x be 0 + 1/((-3)/(-18)). Let a be 3 + (2 - x/3). What is the greatest common factor of a and 9?
3
Let z(u) = -u**2 + 5*u - 3. Let o be z(3). Let h be 5*(54/10)/o. What is the highest common factor of 9 and h?
9
Let n be (536/(-12))/(1/(-3)). Suppose 5*a - 196 - n = 0. Let d be (-114)/(-10) - 6/15. Calculate the highest common factor of a and d.
11
Let l(j) = -j**3 - j**2 + j + 6. Let t(a) = a**2 - 1. Let f be t(-1). Let u be l(f). What is the greatest common factor of 18 and u?
6
Let z be -54*((-14)/4 + 2). Calculate the highest common divisor of z and 9.
9
Suppose -2*q - 4*k = -146, 5*q - 3*k - 192 = 108. What is the highest common factor of q and 21?
21
Let o(v) = -3*v - 5. Let m be o(-6). Suppose 3*k + 0*k = 39. Calculate the highest common divisor of k and m.
13
Suppose 2*y - 3*d - 5 = 7, 12 = -2*y - 3*d. Let o = y + 2. Suppose 0*m = o*m - 10, 0 = -2*x + 3*m - 3. Calculate the greatest common factor of 2 and x.
2
Let i(h) = -h - 5. Let d be i(-7). Suppose 0*q + d*q = 4. What is the highest common divisor of 16 and q?
2
Suppose 4*v = 7 + 9. Suppose j - 28 = -v*i, i + j - 2*j - 7 = 0. Let p(d) = d**3 - 7*d**2 + 5*d. Let o be p(i). What is the greatest common factor of o and